2*a + w. What is the highest common divisor of a and g?
5
Suppose -5*d + 2*u = -3244, 5*d + 5*u - 3248 = 9*u. What is the greatest common divisor of d and 108?
108
Let g(o) be the third derivative of -o**5/60 - o**4/24 - o**3 - 5*o**2. Let t be g(5). Let m = t - -57. What is the greatest common divisor of 231 and m?
21
Let j = 96 - -2. Let c = -28 - -42. Calculate the greatest common factor of c and j.
14
Suppose -5*r + 6*b + 418 = 3*b, -b = 2*r - 165. Suppose 0 = -2*s + r - 15. What is the highest common divisor of 374 and s?
34
Let n(u) = -u**3 + 9*u**2 - 14*u + 16. Let o be n(7). Suppose -5*c = 4*v - 556, -3*v - 3*c + 0*c = -420. What is the greatest common divisor of v and o?
16
Let n(g) = -g + 37. Let y be n(9). Calculate the highest common divisor of y and 8.
4
Suppose 49 = -s + p + 77, -s + 12 = 3*p. What is the highest common divisor of s and 57?
3
Let w(f) = -11*f - 6. Let j be w(-12). What is the highest common divisor of 168 and j?
42
Let d = -128 - -219. Let r(y) = -7*y**2 + 8*y**2 - 6 - 4*y - 2. Let i be r(7). Calculate the greatest common factor of d and i.
13
Suppose 2*v = 22*v - 180. What is the highest common divisor of v and 27?
9
Suppose 3*y = -28*y + 155. Calculate the highest common divisor of y and 35.
5
Let s = -116 - -167. Let h(j) = -4*j + 19. Let r be h(-8). What is the highest common divisor of s and r?
51
Let u = 474 - 322. What is the greatest common factor of u and 114?
38
Suppose 4*s - 921 = 135. Suppose -5*o + s = -3*o. Calculate the greatest common divisor of o and 12.
12
Suppose -i + 8*a - 3*a - 28 = 0, -5*i = 3*a. Let t = i + 5. Let l be ((-6)/4)/((-3)/16). What is the greatest common divisor of l and t?
2
Suppose -1257 = 5*a + 98. Let c = -73 - a. What is the highest common factor of 18 and c?
18
Suppose -2*f + 6*f = 64. What is the greatest common factor of 8 and f?
8
Suppose 13*u = 24*u - 3344. Calculate the greatest common factor of u and 64.
16
Let t(a) = a**3 - 15*a**2 + 3*a - 3. Let n be t(15). Let k(r) = -r + 22. Let i be k(8). Calculate the highest common divisor of i and n.
14
Let x be (-348)/4 - (-4 - 0). Let t = x + 181. Calculate the highest common factor of 14 and t.
14
Suppose 0 = 5*j + 3*r - 25, -2*j + 0*r = -2*r - 10. Let y = 0 - -4. Suppose y = 4*q - 76. Calculate the greatest common divisor of q and j.
5
Suppose 2 + 8 = -2*w, -4*w = 4*z - 12. What is the highest common factor of z and 1?
1
Suppose -12*q = -90 - 486. What is the highest common divisor of 336 and q?
48
Let b be -2 + (4 - 3 - -11). Let r = 14 - 7. Suppose -4*s - 2*n = -31 - r, 0 = -4*n - 4. What is the highest common divisor of b and s?
10
Suppose 2*f - 2*o = 12, -10 = -2*f - 4*o + 5*o. Suppose 0 = f*u + 10*u - 224. What is the highest common divisor of 64 and u?
16
Suppose -3*f - 282 = 3*c - 1572, -3*c + 1288 = 4*f. Calculate the greatest common factor of 81 and c.
27
Suppose -t + 35 = -0*t. Let p = t - -9. What is the greatest common factor of 44 and p?
44
Suppose 18*w - 206 = 226. Calculate the highest common divisor of w and 1080.
24
Suppose 0 = -4*v - 5*q - 188, -3*q = 2*v - q + 96. Let y be 1/(-2)*v - -1. Calculate the greatest common factor of 18 and y.
9
Suppose 115 + 74 = 27*p. What is the highest common divisor of p and 1?
1
Suppose 19*f - 1066 = 7769. What is the greatest common factor of 15 and f?
15
Let u = 50 - 24. Let q(p) = -22*p + 20. Let y be q(-5). What is the greatest common factor of y and u?
26
Suppose j + 3*f + 9 = 2*j, 5*j - f - 31 = 0. Let g(l) = 5*l**3 + 2*l**2 + 13*l - 14. Let x be g(1). Calculate the highest common factor of x and j.
6
Let f = 2 - -2. Let v be (-4)/(-12) - ((-20)/(-6) - 3). Suppose f*p - p - 15 = v. Calculate the highest common factor of p and 40.
5
Let x(p) = -p + 4. Let i be x(2). Suppose 0 = w + 2*n - 17, 4*n - i*n = 2*w - 40. What is the highest common factor of 57 and w?
19
Suppose 3*h + 164 = h + 4*v, 2*h + 2*v = -170. Let s = -74 - h. Let a be (-10)/(-8)*(2 + 18). Calculate the greatest common divisor of a and s.
5
Let b(f) = f + 0*f + 2*f + 7*f**2. Suppose 17 = 5*n + 2*c, 0 = -0*n - n + c + 2. Let k be b(n). What is the greatest common factor of 8 and k?
8
Let b be (7/(-35))/((-3)/15). Let v be (-150*b)/(21/9 - 3). What is the highest common divisor of 90 and v?
45
Let k(p) = -11*p + 1. Let i be k(-4). Let o = -42 + 88. Let d = -37 + o. What is the greatest common divisor of i and d?
9
Let c be (5 + -7)*(-89 + 1). Let k be (0 - -2) + (4 - -16). Calculate the highest common factor of c and k.
22
Let d(y) be the third derivative of -y**4/4 + 7*y**3/3 + 27*y**2. Let q be d(2). Calculate the greatest common factor of q and 3.
1
Let a be (-2)/4 + 22/4. Let d be 3/((-4)/24*2). Let c be d*a*(1 + -2). Calculate the greatest common divisor of c and 5.
5
Suppose 35*k = 33*k - 64. Let m be (-10)/(-3) + k/96. Calculate the greatest common divisor of m and 8.
1
Suppose -2*q + 598 = 202. Suppose h - 4*h = 3*f - 150, 3*h = -4*f + q. Let j(o) = 6*o - 2. Let c be j(3). Calculate the highest common divisor of f and c.
16
Let y be 3/(-1)*2/(-3). Let n be y/13 + 44/52. Calculate the greatest common divisor of n and 1.
1
Suppose -2*b + 0*o + 2*o - 62 = 0, -4*b = -3*o + 123. Let m be (8/((-16)/b))/(3/2). Calculate the greatest common divisor of m and 130.
10
Let m = 0 + 9. Let f = -8753 - -8861. Calculate the greatest common factor of m and f.
9
Let p = -52 - -108. What is the greatest common divisor of 70 and p?
14
Suppose 0*n + 3*n + 5*g - 24 = 0, 0 = 4*n + 3*g - 21. Suppose 5*j - 4*j = -4*r + 8, j - 1 = 3*r. What is the highest common factor of r and n?
1
Let n be 15 - (-3 + (10/2)/1). Let g be ((-5)/(-3))/(1/3). Suppose s = -g*k + 64, -35 = -3*k - 8*s + 4*s. What is the greatest common factor of n and k?
13
Let x be (-2 - 0)*(-30)/4. Let m(s) = 32*s + 1. Let p be m(1). Let n = p - 3. Calculate the greatest common factor of x and n.
15
Suppose -5*r + 3*h + 837 = -0*h, 0 = 3*h + 12. What is the greatest common divisor of 30 and r?
15
Suppose 8 = 2*s, 1451 = 3*o - 5*s - 1037. What is the greatest common factor of 152 and o?
76
Suppose 0 = -2*o - g + 113, 2*o + 4*g - g = 107. Let f = o + -34. Calculate the greatest common factor of 216 and f.
24
Let k(w) = 6*w + 27. Suppose 0 = 5*h - 45 - 15. Let o be k(h). Calculate the greatest common divisor of o and 9.
9
Let m(t) = -3*t**3 + 4*t**2 + 4*t. Let f be m(-2). Suppose -4*i + f = -2*i. Suppose i = 5*n - 9. What is the highest common factor of 25 and n?
5
Suppose 4*j - y - 190 + 85 = 0, 4*j - 5*y - 93 = 0. Calculate the highest common factor of 27 and j.
27
Let c = -24 + 39. Suppose -10*n - 40 = -c*n. What is the highest common divisor of 24 and n?
8
Let r(k) = -k**2 + 31*k + 52. Let o be r(31). What is the greatest common divisor of o and 468?
52
Let y(b) = 11*b**2 + 12*b - 1. Let g be y(-3). What is the greatest common factor of g and 2294?
62
Let u = -74 - -204. What is the highest common divisor of u and 10?
10
Let k be ((-40)/(-3))/5*(104 - 14). What is the greatest common divisor of k and 24?
24
Suppose -30 = -3*b + 3*t, 2*t = b + 4*t + 2. Suppose -y = 5*c - 0 - 1, -3*y + 3 = 3*c. Suppose -p + 9 + 0 = c. Calculate the highest common factor of p and b.
3
Let s(r) = -r**3 - 13*r**2 - 17*r - 6. Let a be s(-12). Let u be ((-60)/(-18))/((-30)/(-108)). What is the highest common factor of a and u?
6
Suppose 4*s - 2688 = 4*l, -s + 5*l + 433 = -251. Let b = s - 192. Suppose 5*v + 177 = b. What is the highest common factor of 12 and v?
12
Suppose -10*l + 5*l + 10 = 0. Suppose -x - l*x - s = -122, -29 = -x + 2*s. Calculate the highest common divisor of 91 and x.
13
Let x = -4 - -26. Suppose -o = -0*o - x. Let l(d) = -199*d**3 - d**2. Let r be l(-1). What is the greatest common divisor of o and r?
22
Let h(p) = -3*p + 71. Let o be h(20). Let r = 138 - 50. What is the highest common divisor of o and r?
11
Suppose k = -w - 2*w + 278, 2*k + 172 = 2*w. Suppose 0*p = -p + 4*r + 7, 3*p + 2*r - w = 0. Calculate the highest common divisor of 9 and p.
9
Let b = 132 - 20. What is the greatest common factor of 14 and b?
14
Let y be (0 + 4)*(63/7 - 5). What is the highest common factor of y and 80?
16
Suppose 2324 - 920 = 5*b - 3*d, 2*d + 6 = 0. Calculate the greatest common factor of 31 and b.
31
Let z be (-5)/25*-95 - -9. Calculate the greatest common divisor 